 is the ten thousands digit of d?
1
Let o = 156 - 148. Let q(i) = 5*i**3 - 18*i**2 + 46*i + 23. What is the thousands digit of q(o)?
1
Let v be (2 + 14/(-5))/(1/1660). Let s = -625 - v. What is the hundreds digit of s?
7
Let u = -28 - -31. Let m be (428/u)/(-5*5/(-150)). Suppose -m = -6*w + 284. What is the tens digit of w?
9
Let l(g) = -11*g - 3. Let z(u) = 21*u + 6. Suppose 0 = -4*c + 4*a - 32, -4*c - 12 = -2*c + 2*a. Let m(f) = c*l(f) - 4*z(f). What is the tens digit of m(-3)?
1
What is the units digit of 3 - 442/143 - 31131/(-11)?
0
Let t = 809 + -372. Suppose t = 2*c - 505. What is the units digit of c?
1
Let k(o) = 40*o**2 - 49*o + 440. What is the units digit of k(11)?
1
Let k(n) = -n**2 + 9*n - 10. Let r be k(2). Suppose -4240 = -5*z + 2*y, 5*z - r*y - 6684 = -2444. What is the units digit of z?
8
Let h be 372/4 + (-17 - -11). Let f = 700 - h. What is the units digit of f?
3
Let k be (1 - 0)/((-7)/2 + 4). Let y(z) = 195*z + 59. What is the tens digit of y(k)?
4
Let y = 88 - 79. Let r(z) = 36*z - 54. Let h be r(y). Suppose -23*u + h = -17*u. What is the units digit of u?
5
Suppose 2 + 12 = 2*d + 2*b, 3*b - 6 = 0. Suppose 3*k = 3*f + 9, 27 = -f + 2*f + d*k. What is the tens digit of 0 + (f - 3)*-99?
9
Suppose -3*f + 51370 = p, -62612 = -11*f + 2*p + 125756. What is the units digit of f?
4
Let f(y) = 34*y - 7. What is the tens digit of f(4)?
2
Suppose z + 3*c = 4433, -4*z - 11007 + 28817 = -c. What is the units digit of z?
1
Suppose -22 = -q + 3. Let n(g) = -g**3 - 34*g**2 + 39*g + 24. Let s be n(-35). Let u = q - s. What is the hundreds digit of u?
1
Suppose 3*q - 4*p + 21 + 69 = 0, -4*p = 0. Let i = -91 - q. Let x = i + 162. What is the tens digit of x?
0
Let k = -172 + 117. Let o = k + 58. Suppose 3*a - o*m - 134 - 151 = 0, -2*a = m - 190. What is the units digit of a?
5
Suppose 0 = -9*q + 570 - 165. What is the hundreds digit of (-3024)/(-40)*q/6?
5
Let v = -14 + 19. Suppose 10 = v*b - 0. Suppose -r + 43 = b*x, -x - 99 = -5*r + 116. What is the tens digit of r?
4
Let h be (-10)/(-6 - -1)*3/2. Suppose -h*f + 3 + 2 = -5*v, -7 = -f - v. Let p(w) = -w**3 + 6*w**2 + 4*w - 6. What is the tens digit of p(f)?
3
Let c = 43 + -47. Suppose 3*i - 2*v + 73 = 0, -6 - 90 = 4*i - 3*v. What is the hundreds digit of i/(3 - c/(-14)*11)?
1
Let d(n) = 5*n - 31. Let i be d(8). Suppose -300 - 51 = -i*m. What is the units digit of m?
9
Let f(r) = 4*r**3 - r**2 - 3*r - 10. Let n be f(7). Let q = n + -559. What is the hundreds digit of q?
7
What is the hundreds digit of 12*(15 - (-80972)/24)?
6
Let y = -10212 + 16931. What is the tens digit of y?
1
Let c be 3 + 3/(-12)*0 + 16. Suppose c*u + 1040 = 21*u. Suppose -2*j - 144 = -x, -5*x - 5*j + 155 + u = 0. What is the tens digit of x?
3
Let v = 16703 + -11635. What is the hundreds digit of v?
0
Let v = -120 - -144. Suppose -v = -0*x + 8*x. What is the units digit of (-2 + (-7)/x)/(27/3159)?
9
Let t be -3 - -6 - 7/(14/(-4)). Suppose 3*o = -4*y + 5, 0 = -t*y + y - 5*o + 3. Suppose 2*m + 135 = q, 298 = 2*q + 5*m - y*m. What is the hundreds digit of q?
1
Let n be (-300)/(-54) - (-4)/9. What is the hundreds digit of 3/n + (2 - (-399)/2)?
2
Let z be (1 + 5 + 8)/2. Suppose 5*n + z*n + 3744 = 0. Let a = -216 - n. What is the tens digit of a?
9
Let d be 992/434 + (-1 - (-10)/14). Suppose -d*q + 3*j = -896, 2*q - 433 = -3*j + 451. What is the units digit of q?
5
Let l be (-5 - 7191/(-90)) + (-2)/(-20). What is the units digit of 2*-1*l/(-2)*5?
5
Let g(h) = -4*h - 271. Let m(a) = a - 1. Let r(x) = g(x) + 3*m(x). Let i be r(0). Let n = 407 + i. What is the tens digit of n?
3
Suppose 0 = 155*u - 90455 - 170320 - 445560. What is the thousands digit of u?
4
Suppose 198*r - 216*r + 14346 = -20952. What is the thousands digit of r?
1
Let d(s) = -s**2 - 7*s + 28. Let h be d(-10). What is the hundreds digit of h*529/(-2) + -1?
5
Suppose -258*i + 2976140 = -2316730. What is the hundreds digit of i?
5
Let k be (1 + 0)/1 + 424. Suppose -3*l - 2400 = -25*l + 14*l. Let p = k - l. What is the hundreds digit of p?
1
Let p = -53671 + 103940. What is the thousands digit of p?
0
Let g be 64/28 + (-3 - (-19)/7). Suppose 5*m = -x + 1108, m = 2*m - g*x - 226. What is the tens digit of m?
2
Let f(b) = -23*b**3 - b**2 + 2*b. Let n be f(1). Let o be (-8)/12 + n/(-6). Suppose -o*j - 3*q + 0*q + 336 = 0, 364 = 3*j - 4*q. What is the tens digit of j?
1
Suppose 18*z = -2*c + 13050, -5*c - 4*z - 8522 = -40860. What is the hundreds digit of c?
4
Suppose -9 + 23 = 2*b. Let w(r) = 6 - 6 + 2*r**2 - r**2 + 10*r - 3 + 0. What is the tens digit of w(b)?
1
Let z(d) = -15*d**2 + 8*d - 5. Let v be z(3). Let f = v - -542. What is the units digit of f?
6
Let r = 110174 + -76081. What is the units digit of r?
3
Suppose 8*t + 6 - 62 = 0. Let f be 2741/t + (-18)/(-42). Let o = -276 + f. What is the units digit of o?
6
Let i = -54 + 69. Let m(k) = -4 + 10*k**2 + i*k**2 - 5*k - 24*k**2 + k. What is the units digit of m(-9)?
3
Let m(g) = 150*g**2 + 12*g - 48. What is the thousands digit of m(5)?
3
What is the tens digit of 24136*(-8 + 66/8)?
3
Suppose w - 20498 = 2925. What is the ten thousands digit of w?
2
Suppose 0 = 5*t - z - 37624, 20*t = 17*t + 5*z + 22570. What is the hundreds digit of t?
5
Suppose m = -m - 28. Let v be (119/m)/(6/8 - 1). Let a = 77 - v. What is the units digit of a?
3
Suppose -4*a = -9*v + 38347 + 37034, -2*v - a + 16740 = 0. What is the thousands digit of v?
8
Let k(d) = 57 + 5*d - 2*d - 58 + 12*d**2 - d. Suppose 5*x = 4*a + 2 + 8, -3*x + a + 6 = 0. What is the units digit of k(x)?
1
Suppose -140*n + 144*n - 1536 = 0. Suppose -q + 2 + 6 = 0. Suppose -q*h + 5*h = -n. What is the hundreds digit of h?
1
Let m(n) = 10*n + 3. Let z be m(3). Let k = -29 + z. Suppose -4*h = -3*o + 253, -k*o + 2*h = o - 403. What is the units digit of o?
9
Let n(l) = 9*l**2 - 13*l - 7. Let d be n(-6). Suppose 6*u = d + 5671. What is the units digit of u?
1
Let m(o) = 5*o + 156. Let w(g) = g**3 - 7*g**2 - 11*g + 10. Let h be w(8). What is the tens digit of m(h)?
8
Suppose 314 + 36 = -5*g. What is the units digit of 1*((-5026)/g)/(1/5)?
9
What is the hundreds digit of (25648/2 - -21) + -2?
8
Let y(a) = 22*a**3 + 3*a**2 + 39*a + 2. What is the units digit of y(10)?
2
Let s be (-6982)/(-8) - (-4)/16*1. Suppose -3*w - 5*b + s = -1138, -w + 661 = 4*b. What is the hundreds digit of w?
6
Suppose 5*b + 300 = -5*w - 795, 5*b - 4*w = -1140. What is the units digit of 605*(b/40 + 6)?
2
Suppose -5*b - 21219 = -3*n - 9*b, 4*n - b = 28273. What is the tens digit of n?
6
Suppose 955 = f - 5*t, -296 = -f - t + 629. Let g = -671 + f. What is the units digit of g?
9
Let j be -6*6/(-54)*(0 - -12). Suppose 19 + 5 = j*s. Suppose -3*i = 2*d - 176, s*d - 111 = -4*i + 154. What is the units digit of d?
1
Let x = 166787 - 93815. What is the thousands digit of x?
2
Suppose -19*q + 5256 = -10*q. Let d = q + -251. What is the hundreds digit of d?
3
Let u(l) = -l**2 + 7*l - 10. Let s be u(4). Suppose y = 3*g - 5, -s*g + 19 = y + 3*g. What is the units digit of (4436/(-30) - y/30)/(-2)?
4
Let s = 378 + -378. Suppose 5*b - 18*w + 14*w = 3779, -3*b - 4*w + 2261 = s. What is the units digit of b?
5
Suppose -14*o + 9 = -13*o. Suppose 1032 = -5*t + o*t. Let b = t - 119. What is the units digit of b?
9
Let o = 64 + -198. Let a = o - -334. Suppose 24 = 7*c - a. What is the units digit of c?
2
What is the hundreds digit of 1*((3 - 2) + 0 + -6 + 26139)?
1
Let o(r) = 174*r**3 - 2*r**2 + 2. Let c(y) = -87*y**3 + y**2 - 1. Let d(w) = 11*c(w) + 6*o(w). Let t = -1 + 2. What is the tens digit of d(t)?
8
Let w(v) = 6 + 0 - 3*v**2 - 6*v - 2. Let k be w(4). Let j = k - -96. What is the tens digit of j?
2
Let h be 20/40 - ((-9)/2 + -2). Let f(p) = p**3 - 5*p**2 + 16*p - 58. What is the tens digit of f(h)?
5
Let n be (-12)/(-32)*2*-6*-2. Suppose n*k - 2502 = 6*k. Let p = k - 571. What is the tens digit of p?
6
Let l be (-35)/(-15) + -5*(-2)/15. Suppose 0 = 4*t - t - 4*a - 18, 0 = -a - 3. Suppose 0 = 3*z - j, j = t*j - l. What is the units digit of z?
1
Suppose 0 = -6*d - 23318 + 82274. What is the hundreds digit of d?
8
Let y(f) = -17*f + 2*f + 198 - 145. What is the tens digit of y(-14)?
6
Let y(b) = -4402*b + 76. What is the units digit of y(-2)?
0
Suppose 0*u + 10 = 2*u. Let h(a) = 7*a**2 - 48*a + 276. Let l be